x**2 + 2 + 8*x - 4*x**3. Let s be f(-8). Is 3/s*(13 + 3/3) composite?
True
Let u(c) = -c**3 - 55*c**2 - 3*c - 10. Let a be u(-24). Let m = a + 26375. Is m a composite number?
False
Suppose -36 = -2*o - 6. Let t be 3/o + (-3)/15. Suppose t = -n - n + 10, 3*n = -y + 130. Is y composite?
True
Let r = -119 + 125. Let t be (0 - (r + -3)) + (-9)/(-9). Let k(i) = -224*i**3 + i**2 - i - 1. Is k(t) a composite number?
True
Suppose 0 = -3*w - a + 2942, 0*w + 2*a + 4907 = 5*w. Suppose 4*d = -3*m + w, -2*d - 742 = -5*d + 4*m. Let f = d + -123. Is f composite?
True
Let z be (-12)/(-5) + 46/(-115). Suppose -6 = 3*h, 0 = z*v + v + 3*h - 6369. Suppose -5*k + 2400 = -v. Is k composite?
True
Let z(i) = 4*i**2 - 2043*i + 436. Is z(-147) a composite number?
True
Suppose 91*p - 260293 = 80*p. Is p a prime number?
True
Let v(p) = p**3 - 7*p**2 + 8*p - 5. Let c be v(6). Suppose -c*d + 120 = d. Is (-429)/(-2)*10/d prime?
False
Suppose -5*y + 994474 = 3*x, 4*y = -5*x + 371823 + 423738. Is y composite?
False
Is 1/(-6) + (3/54)/((-3)/(-19939347)) a composite number?
False
Suppose 0 = -8*w + 5*w + 18, 103796 = 2*i + 4*w. Is i prime?
False
Suppose -3*z + 15 = 0, 7*m - 444585 = 2*m + 2*z. Is m a prime number?
True
Suppose -4*f + 5*j = -12543, -5*j - 1044 = -f + 2118. Is f a prime number?
False
Let m be (-38)/(-190) + 28/10. Suppose 3*g + 4533 = 3*n, 2*g + 4505 = m*n + 6*g. Is n a prime number?
False
Let t be (-56)/(7 + (-585)/85). Let l = -33 - t. Is l a composite number?
False
Let j(s) = s**3 - 10*s**2 - 35*s - 34. Let x be j(15). Suppose -15557 = -3*v - 5*m, -x = v + m - 5753. Is v composite?
False
Let y = -640 - -643. Suppose f = 4*a + 17353, 5*a = -y*f - 0*f + 52025. Is f a prime number?
False
Suppose 11*h - 530301 = 5*d + 13*h, 2*d = 5*h - 212132. Let q = -57154 - d. Is q a prime number?
True
Suppose -5*z + 275520 = -a, -6*z - 20*a = -z - 275415. Is z a composite number?
False
Let d = -7776 - -3397. Let g = d + 8988. Is g a composite number?
True
Suppose 12*g = 77*g - 92575015. Is g prime?
True
Let c = 6076 - -2628. Suppose -z - 1671 = -c. Is z prime?
False
Let c(u) = 3*u + 46. Let s be c(-16). Is (1907/2 - 0)/(s/(-4)) prime?
True
Let o(a) = a**3 - 8*a**2 - 13*a + 15. Let q be o(-11). Let n = 2454 - q. Is n prime?
False
Suppose 2*w + 4*r - 71398 = 0, 16619 = -3*w - 3*r + 123698. Is w a composite number?
True
Is (2 + (0 - -1)*-4)/((-1128)/2679564) prime?
True
Let n(i) = -15*i**3 - 20*i**2 + 3*i + 1. Let r(t) = 29*t**3 + 38*t**2 - 5*t - 2. Let m(f) = -11*n(f) - 6*r(f). Is m(-5) composite?
False
Suppose 1251 - 1266 = 3*m. Let s(q) = -196*q - 130*q + 24*q + 3. Is s(m) a composite number?
True
Let d(s) = -9*s + 23. Let m(b) = b**3 - 10*b**2 - 2*b + 8. Let h be m(10). Let u be d(h). Let n = u + 354. Is n prime?
False
Let k(h) = -2435*h**2 + h + 4. Let p(b) = b**2 + 1. Let v(a) = -k(a) + 5*p(a). Let t be v(1). Suppose -4*l - z + t = 504, 12 = -3*z. Is l a composite number?
True
Suppose 5*t + 1856 = 37*t. Suppose -t*f = -5*f - 35987. Is f a prime number?
False
Suppose 5*r - 5900 - 1155 = -5*i, 0 = -3*r - 9. Suppose 5*w - 4*x + 3725 = 0, -5*x = 4*w - 6*x + 2969. Let m = i + w. Is m a composite number?
False
Suppose 0 = -27*k + 1572789 + 654252. Is k prime?
True
Is (-2)/18 + (-35586044)/(-234) prime?
True
Is 2 - -17412 - (-13 - 65/(-5)) composite?
True
Let c(o) = 36*o**2 - 18*o + 451. Is c(-50) composite?
True
Suppose -4*m - 19 + 49 = 2*q, -10 = 2*m - 4*q. Suppose -m*x = -659 - 2941. Let f = 87 + x. Is f composite?
True
Suppose -5*o + 1384 + 10441 = 0. Let y = o + -1500. Is y a prime number?
False
Let m = -10582 + 15844. Suppose 30*f - 24*f = m. Is f composite?
False
Let b(d) = 13*d + 83. Let u be b(-7). Is (3 + 83155/(-15))/(u/12) a composite number?
False
Suppose -188*v = -192*v + n + 155670, n = 3*v - 116753. Is v composite?
False
Let q be -10 + 15 - (-1 - -1). Suppose 4*s - 57394 = q*a, 17*a + 71759 = 5*s + 19*a. Is s a composite number?
True
Suppose -8*v - 3100 = -b - 7*v, -2*v = -2. Let c = 15474 - b. Is c composite?
False
Suppose -8 = -0*y - 2*y. Let w(t) = -680*t + 45. Let n be w(-14). Suppose -3*m = -y*g - 0*m + n, -3*m = 2*g - 4805. Is g a composite number?
True
Let z(f) = -1483*f**3 - 7*f**2 - 59*f - 317. Is z(-6) a prime number?
True
Suppose -4*t + 160415 = i - 4*i, 3*t = -i + 120334. Is t prime?
False
Let m be 5486/(-8) - (-2)/(-8). Suppose -22 + 15 = -q, f - 4*q + 341 = 0. Let y = f - m. Is y composite?
False
Let z(b) = 116*b**3 + 3*b**2 - 6*b + 6. Let y be z(2). Suppose 2*s = h + y, -3*s = -8*s - 5*h + 2335. Is s composite?
False
Let x(o) = 59*o**2 + 23*o + 355. Is x(-8) prime?
True
Let g(m) = 76*m**2 + 73*m + 7. Is g(-20) composite?
True
Suppose -15*u + 38022 + 86238 = 0. Suppose -5*g = -9*g + u. Is g composite?
True
Let a(u) = -19331*u + 88. Let j be a(-7). Suppose 16*f - j = -2461. Is f a composite number?
True
Let u(w) = -11*w + 69. Let c be u(8). Let v = -21 - c. Is (-5958)/(-8) - (-6)/(-48)*v a composite number?
True
Suppose -61*v + 8264789 - 2380739 = -11*v. Is v prime?
False
Let j be (63 + -8)/((-1)/(-148)*2). Suppose -21*m = -16*m - j. Let q = m - -715. Is q a prime number?
False
Let i be (14/6)/(4/24). Let y be (2/(-5))/(i/140). Is y/(-10) - 19486/(-10) a prime number?
True
Let m be (1 + 2 - 3) + 4 + 0. Suppose 0 = -m*q, -3*x + 4*q + 2325 = -0*q. Let k = x + 112. Is k prime?
True
Is ((-15)/(390/2232841))/((-1)/2) composite?
False
Let c(p) = p**2 - p + 5. Let k be (-8)/6 + (-145)/15. Let l be c(k). Is l*4 - (-3 + 0) a prime number?
False
Suppose -2*s + 872 = -1746. Suppose j + 1452 = 2*m - 371, 3*m - 2721 = -3*j. Suppose s = n - m. Is n a composite number?
True
Let m(l) = 39934*l - 1669. Is m(7) a prime number?
False
Suppose 0 = -552*s + 556*s - 20. Suppose -9174 = -s*o + 4*t + 12679, -2*t = 3*o - 13103. Is o prime?
False
Suppose 5*h = -y + 17, 2*h - 16 = -0*y - 5*y. Suppose -1779 = -l - y*r, -4*r + r = -3. Is l composite?
False
Let f(o) = 561*o - 89 + 484*o + 1422*o. Is f(6) prime?
True
Let c be (50/(-6))/(30/(-21510)). Suppose -2*m = j - c, 2*m + 0*m = -4*j + 5978. Is m prime?
False
Let s(b) be the third derivative of 13*b**5/12 + 5*b**4/24 + 77*b**3/6 - 136*b**2. Is s(17) composite?
False
Let h = 21161 + -5434. Is h prime?
True
Suppose -31 = -4*u + 145. Let q = 47 - u. Is q/((-9)/(-444)) + (3 - 6) composite?
True
Suppose 16*i - 1123034 = 933602 + 5785428. Is i a composite number?
True
Suppose 228591630 = -1661*k + 1751*k. Is k prime?
False
Let c(s) = 11112*s**3 + 4*s**2 - s - 2. Is c(1) prime?
True
Let i(b) = 179*b + 148. Suppose -5*f - 4*n + 125 = 0, 0 = 3*f - 0*n + 5*n - 88. Is i(f) a composite number?
False
Suppose -5*p + u - 5836 = 0, -3*u - 2274 = 5*p + 3558. Let m = 2374 + p. Is m composite?
True
Let s(q) = -150*q - 11. Let d(v) = 2*v + 55. Let g be d(0). Let a = g - 57. Is s(a) composite?
True
Is 231691/5 + 1 - (-9)/(-405)*9 prime?
False
Suppose 4987 + 7173 = -8*x. Let f = 3667 + x. Is f composite?
True
Let q(g) = 2*g**2 + 43*g + 47. Let n be q(-23). Suppose -n*l + 111*l = -22550. Let c = l - 2093. Is c a composite number?
False
Let b(i) = 10*i**2 + 5*i - 6. Let d = -17 - -26. Is b(d) a prime number?
False
Let q be 8 - (-7987)/(35/5). Suppose 5*m - q - 204 = -3*i, 4*m = 0. Is i a composite number?
True
Is 4 + 4 + 1812/1 + 1 a prime number?
False
Suppose 246*j - 242*j - 40 = 0. Suppose -5893 = j*g - 55463. Is g prime?
True
Suppose -10 = -2*j, -o - 56*j + 58*j = -180201. Is o composite?
False
Let a(x) = -3*x**3 - 5*x**2 + 13*x + 8. Let f be a(-10). Let d = f - -441. Is d a composite number?
False
Let q = 211128 + 54985. Is q prime?
False
Suppose 4*v - 639083 = -2*s + 145301, -5*v + 980477 = 2*s. Is v a prime number?
False
Let o = 42 + -46. Let k(x) be the third derivative of -29*x**4/24 + x**3/3 - 14*x**2. Is k(o) a prime number?
False
Suppose -39*x + 1665476 = -26*x - 1082451. Is x prime?
False
Suppose 466126 = 3*a - 399797. Is a a prime number?
False
Suppose -2396978 - 1740294 = -34*j - 608242. Is j a composite number?
True
Let f(h) = 624*h - 22. Let i be f(22). Suppose 7*q = -i + 58821. Is q a prime number?
False
Let d = 60 + -40. Let t(x) = -7*x - 66. Let o be t(-9). Let p = d - o. Is p a composite number?
False
Is 185938/8 + (-198)/88 + 2 prime?
False
Is (-4)/(-19 - 5) - (-8090324)/24 a composite number?
False
Suppose -18*l + 1306088 - 